{"id":282,"date":"2025-05-22T15:26:46","date_gmt":"2025-05-22T15:26:46","guid":{"rendered":"https:\/\/argon83portfolio.com\/marfundingles\/?page_id=282"},"modified":"2026-05-15T18:07:20","modified_gmt":"2026-05-15T18:07:20","slug":"done-ahora-2","status":"publish","type":"page","link":"https:\/\/argon83portfolio.com\/marfundingles\/done-ahora-2\/","title":{"rendered":"Apoya"},"content":{"rendered":"\t\t<div data-elementor-type=\"wp-page\" data-elementor-id=\"282\" class=\"elementor elementor-282\" data-elementor-post-type=\"page\">\n\t\t\t\t<div class=\"elementor-element elementor-element-41db77c7 e-flex e-con-boxed e-con e-parent\" data-id=\"41db77c7\" data-element_type=\"container\" data-e-type=\"container\" data-settings=\"{&quot;background_background&quot;:&quot;classic&quot;}\">\n\t\t\t\t\t<div class=\"e-con-inner\">\n\t\t<div class=\"elementor-element elementor-element-77158ac8 e-con-full e-flex e-con e-child\" data-id=\"77158ac8\" data-element_type=\"container\" data-e-type=\"container\">\n\t\t\t\t<div class=\"elementor-element elementor-element-53f54bc0 elementor-widget elementor-widget-heading\" data-id=\"53f54bc0\" data-element_type=\"widget\" data-e-type=\"widget\" data-widget_type=\"heading.default\">\n\t\t\t\t<div class=\"elementor-widget-container\">\n\t\t\t\t\t<h2 class=\"elementor-heading-title elementor-size-default\">Tu apoyo es clave para la conservaci\u00f3n del Arrecife Mesoamericano<\/h2>\t\t\t\t<\/div>\n\t\t\t\t<\/div>\n\t\t\t\t<div class=\"elementor-element elementor-element-0f81cbc elementor-widget elementor-widget-text-editor\" data-id=\"0f81cbc\" data-element_type=\"widget\" data-e-type=\"widget\" data-widget_type=\"text-editor.default\">\n\t\t\t\t<div class=\"elementor-widget-container\">\n\t\t\t\t\t\t\t\t\t<p style=\"text-align: left;\">Foto: Jose Manuel del Busto<\/p>\t\t\t\t\t\t\t\t<\/div>\n\t\t\t\t<\/div>\n\t\t\t\t<\/div>\n\t\t\t\t\t<\/div>\n\t\t\t\t<\/div>\n\t\t<div class=\"elementor-element elementor-element-a1091c2 e-flex e-con-boxed e-con e-parent\" data-id=\"a1091c2\" data-element_type=\"container\" data-e-type=\"container\">\n\t\t\t\t\t<div class=\"e-con-inner\">\n\t\t\t\t<div class=\"elementor-element elementor-element-f081303 elementor-widget elementor-widget-text-editor\" data-id=\"f081303\" data-element_type=\"widget\" data-e-type=\"widget\" data-widget_type=\"text-editor.default\">\n\t\t\t\t<div class=\"elementor-widget-container\">\n\t\t\t\t\t\t\t\t\t<p style=\"text-align: center;\">La conservaci\u00f3n del SAM depende de esfuerzos coordinados y financiamiento estrat\u00e9gico.\u00a0 <br \/>Tu contribuci\u00f3n permite financiar proyectos de conservaci\u00f3n, monitoreo ecol\u00f3gico y empoderamiento comunitario, <br \/>asegurando que futuras generaciones sigan benefici\u00e1ndose de este tesoro natural.\u00a0<\/p>\t\t\t\t\t\t\t\t<\/div>\n\t\t\t\t<\/div>\n\t\t\t\t\t<\/div>\n\t\t\t\t<\/div>\n\t\t<div class=\"elementor-element elementor-element-689e330 e-flex e-con-boxed e-con e-parent\" data-id=\"689e330\" data-element_type=\"container\" data-e-type=\"container\">\n\t\t\t\t\t<div class=\"e-con-inner\">\n\t\t<div class=\"elementor-element elementor-element-1eedfcc e-con-full e-flex elementor-invisible e-con e-child\" data-id=\"1eedfcc\" data-element_type=\"container\" data-e-type=\"container\" data-settings=\"{&quot;animation&quot;:&quot;fadeInLeft&quot;}\">\n\t\t\t\t<div class=\"elementor-element elementor-element-e00f305 elementor-widget elementor-widget-heading\" data-id=\"e00f305\" data-element_type=\"widget\" data-e-type=\"widget\" data-widget_type=\"heading.default\">\n\t\t\t\t<div class=\"elementor-widget-container\">\n\t\t\t\t\t<h2 class=\"elementor-heading-title elementor-size-default\">Donaci\u00f3n Directa<\/h2>\t\t\t\t<\/div>\n\t\t\t\t<\/div>\n\t\t\t\t<div class=\"elementor-element elementor-element-86f5bcf elementor-widget elementor-widget-image\" data-id=\"86f5bcf\" data-element_type=\"widget\" data-e-type=\"widget\" data-widget_type=\"image.default\">\n\t\t\t\t<div class=\"elementor-widget-container\">\n\t\t\t\t\t\t\t\t\t\t\t\t\t\t\t\t<a href=\"https:\/\/www.paypal.com\/donate?token=WJZh63-MUHyAnrIssOBUrBsN2LVtG9J3MXSAY5UeL9-ReSMoSss7k-7RRGplGjAzTdQd0cA74t5OzDAZ&#038;locale.x=US\" target=\"_blank\">\n\t\t\t\t\t\t\t<img decoding=\"async\" width=\"178\" height=\"65\" src=\"https:\/\/argon83portfolio.com\/marfundingles\/wp-content\/uploads\/2025\/07\/Captura-de-pantalla-2025-07-04-a-las-13.12.22.png\" class=\"attachment-large size-large wp-image-747\" alt=\"\" srcset=\"https:\/\/argon83portfolio.com\/marfundingles\/wp-content\/uploads\/2025\/07\/Captura-de-pantalla-2025-07-04-a-las-13.12.22.png 178w, https:\/\/argon83portfolio.com\/marfundingles\/wp-content\/uploads\/2025\/07\/Captura-de-pantalla-2025-07-04-a-las-13.12.22-18x7.png 18w\" sizes=\"(max-width: 178px) 100vw, 178px\" \/>\t\t\t\t\t\t\t\t<\/a>\n\t\t\t\t\t\t\t\t\t\t\t\t\t\t\t<\/div>\n\t\t\t\t<\/div>\n\t\t\t\t<div class=\"elementor-element elementor-element-ee94d02 elementor-widget elementor-widget-text-editor\" data-id=\"ee94d02\" data-element_type=\"widget\" data-e-type=\"widget\" data-widget_type=\"text-editor.default\">\n\t\t\t\t<div class=\"elementor-widget-container\">\n\t\t\t\t\t\t\t\t\t<p><b>PayPal y Tarjeta de Cr\u00e9dito<\/b><span style=\"font-weight: 400;\">:<br \/>Apoya la visi\u00f3n y el trabajo de MAR Fund.<\/span><\/p>\t\t\t\t\t\t\t\t<\/div>\n\t\t\t\t<\/div>\n\t\t\t\t<div class=\"elementor-element elementor-element-09e1475 elementor-align-center elementor-widget elementor-widget-button\" data-id=\"09e1475\" data-element_type=\"widget\" data-e-type=\"widget\" data-widget_type=\"button.default\">\n\t\t\t\t<div class=\"elementor-widget-container\">\n\t\t\t\t\t\t\t\t\t<div class=\"elementor-button-wrapper\">\n\t\t\t\t\t<a class=\"elementor-button elementor-button-link elementor-size-sm elementor-animation-grow\" href=\"https:\/\/www.paypal.com\/donate?token=WJZh63-MUHyAnrIssOBUrBsN2LVtG9J3MXSAY5UeL9-ReSMoSss7k-7RRGplGjAzTdQd0cA74t5OzDAZ&#038;locale.x=US\" target=\"_blank\">\n\t\t\t\t\t\t<span class=\"elementor-button-content-wrapper\">\n\t\t\t\t\t\t\t\t\t<span class=\"elementor-button-text\">dona aqu\u00ed<\/span>\n\t\t\t\t\t<\/span>\n\t\t\t\t\t<\/a>\n\t\t\t\t<\/div>\n\t\t\t\t\t\t\t\t<\/div>\n\t\t\t\t<\/div>\n\t\t\t\t<\/div>\n\t\t<div class=\"elementor-element elementor-element-bb66bd9 e-con-full e-flex elementor-invisible e-con e-child\" data-id=\"bb66bd9\" data-element_type=\"container\" data-e-type=\"container\" data-settings=\"{&quot;animation&quot;:&quot;fadeInRight&quot;}\">\n\t\t\t\t<div class=\"elementor-element elementor-element-ad5a98e elementor-widget elementor-widget-text-editor\" data-id=\"ad5a98e\" data-element_type=\"widget\" data-e-type=\"widget\" data-widget_type=\"text-editor.default\">\n\t\t\t\t<div class=\"elementor-widget-container\">\n\t\t\t\t\t\t\t\t\t<p><b>Cheque:<br \/><\/b><span style=\"font-weight: 400;\">Env\u00eda tu aporte a nombre de<br \/><\/span><span style=\"font-weight: 400;\"><span style=\"text-decoration: underline;\"> Mesoamerican Reef Fund<\/span> a:<br \/><strong><br \/>Mar\u00eda Jos\u00e9 Gonzalez<\/strong><br \/><\/span><i><span style=\"font-weight: 400;\">Po Box 526150, <br \/>Miami, FL 33152-6150<\/span><\/i><\/p>\t\t\t\t\t\t\t\t<\/div>\n\t\t\t\t<\/div>\n\t\t\t\t<\/div>\n\t\t\t\t\t<\/div>\n\t\t\t\t<\/div>\n\t\t<div class=\"elementor-element elementor-element-a66165c e-flex e-con-boxed e-con e-parent\" data-id=\"a66165c\" data-element_type=\"container\" data-e-type=\"container\">\n\t\t\t\t\t<div class=\"e-con-inner\">\n\t\t\t\t<div class=\"elementor-element elementor-element-865d59e elementor-widget elementor-widget-heading\" data-id=\"865d59e\" data-element_type=\"widget\" data-e-type=\"widget\" data-widget_type=\"heading.default\">\n\t\t\t\t<div class=\"elementor-widget-container\">\n\t\t\t\t\t<h2 class=\"elementor-heading-title elementor-size-default\">Proyectos espec\u00edficos<\/h2>\t\t\t\t<\/div>\n\t\t\t\t<\/div>\n\t\t\t\t\t<\/div>\n\t\t\t\t<\/div>\n\t\t<div class=\"elementor-element elementor-element-67500245 e-flex e-con-boxed e-con e-parent\" data-id=\"67500245\" data-element_type=\"container\" data-e-type=\"container\">\n\t\t\t\t\t<div class=\"e-con-inner\">\n\t\t<div class=\"elementor-element elementor-element-3ab03243 e-con-full e-flex e-con e-child\" data-id=\"3ab03243\" data-element_type=\"container\" data-e-type=\"container\">\n\t\t<div class=\"elementor-element elementor-element-7088fc36 e-con-full e-flex elementor-invisible e-con e-child\" data-id=\"7088fc36\" data-element_type=\"container\" data-e-type=\"container\" data-settings=\"{&quot;animation&quot;:&quot;fadeInLeft&quot;}\">\n\t\t\t\t<div class=\"elementor-element elementor-element-569b0255 elementor-widget elementor-widget-image\" data-id=\"569b0255\" data-element_type=\"widget\" data-e-type=\"widget\" data-widget_type=\"image.default\">\n\t\t\t\t<div class=\"elementor-widget-container\">\n\t\t\t\t\t\t\t\t\t\t\t\t\t\t\t<img fetchpriority=\"high\" decoding=\"async\" width=\"800\" height=\"395\" src=\"https:\/\/argon83portfolio.com\/marfundingles\/wp-content\/uploads\/2025\/11\/pez-leon-r-charland-1024x505.jpeg\" class=\"attachment-large size-large wp-image-11333\" alt=\"\" srcset=\"https:\/\/argon83portfolio.com\/marfundingles\/wp-content\/uploads\/2025\/11\/pez-leon-r-charland-1024x505.jpeg 1024w, https:\/\/argon83portfolio.com\/marfundingles\/wp-content\/uploads\/2025\/11\/pez-leon-r-charland-300x148.jpeg 300w, https:\/\/argon83portfolio.com\/marfundingles\/wp-content\/uploads\/2025\/11\/pez-leon-r-charland-768x379.jpeg 768w, https:\/\/argon83portfolio.com\/marfundingles\/wp-content\/uploads\/2025\/11\/pez-leon-r-charland-1536x757.jpeg 1536w, https:\/\/argon83portfolio.com\/marfundingles\/wp-content\/uploads\/2025\/11\/pez-leon-r-charland-2048x1010.jpeg 2048w, https:\/\/argon83portfolio.com\/marfundingles\/wp-content\/uploads\/2025\/11\/pez-leon-r-charland-18x9.jpeg 18w, https:\/\/argon83portfolio.com\/marfundingles\/wp-content\/uploads\/2025\/11\/pez-leon-r-charland-600x296.jpeg 600w\" sizes=\"(max-width: 800px) 100vw, 800px\" \/>\t\t\t\t\t\t\t\t\t\t\t\t\t\t\t<\/div>\n\t\t\t\t<\/div>\n\t\t<div class=\"elementor-element elementor-element-1013c343 e-con-full e-flex e-con e-child\" data-id=\"1013c343\" data-element_type=\"container\" data-e-type=\"container\" data-settings=\"{&quot;background_background&quot;:&quot;classic&quot;}\">\n\t\t\t\t<div class=\"elementor-element elementor-element-37477817 elementor-widget elementor-widget-elementskit-heading\" data-id=\"37477817\" data-element_type=\"widget\" data-e-type=\"widget\" data-widget_type=\"elementskit-heading.default\">\n\t\t\t\t<div class=\"elementor-widget-container\">\n\t\t\t\t\t<div class=\"ekit-wid-con\" ><div class=\"ekit-heading elementskit-section-title-wraper text_center   ekit_heading_tablet-   ekit_heading_mobile-text_left\"><h2 class=\"ekit-heading--title elementskit-section-title \">Control del Pez Le\u00f3n<\/h2>\t\t\t\t<div class='ekit-heading__description'>\n\t\t\t\t\t<p><span style=\"font-weight: 400\">Este proyecto busca financiar estrategias efectivas para el control de esta especie invasora, incluyendo campa\u00f1as de sensibilizaci\u00f3n, capacitaci\u00f3n para pescadores y buzos en m\u00e9todos de captura y manejo, y acciones de campo que minimicen su impacto. Cada contribuci\u00f3n ayuda a coordinar esfuerzos ante esta amenaza que afecta el equilibrio del Arrecife Mesoamericano al depredar poblaciones de peces nativos y alterar el ecosistema.<\/span><\/p>\n\t\t\t\t<\/div>\n\t\t\t<\/div><\/div>\t\t\t\t<\/div>\n\t\t\t\t<\/div>\n\t\t\t\t<div class=\"elementor-element elementor-element-6f9bb3ad elementor-align-center elementor-widget elementor-widget-button\" data-id=\"6f9bb3ad\" data-element_type=\"widget\" data-e-type=\"widget\" data-widget_type=\"button.default\">\n\t\t\t\t<div class=\"elementor-widget-container\">\n\t\t\t\t\t\t\t\t\t<div class=\"elementor-button-wrapper\">\n\t\t\t\t\t<a class=\"elementor-button elementor-button-link elementor-size-sm elementor-animation-grow\" href=\"#\">\n\t\t\t\t\t\t<span class=\"elementor-button-content-wrapper\">\n\t\t\t\t\t\t\t\t\t<span class=\"elementor-button-text\">CONOCE M\u00c1S AQU\u00cd<\/span>\n\t\t\t\t\t<\/span>\n\t\t\t\t\t<\/a>\n\t\t\t\t<\/div>\n\t\t\t\t\t\t\t\t<\/div>\n\t\t\t\t<\/div>\n\t\t\t\t<\/div>\n\t\t\t\t<div class=\"elementor-element elementor-element-b263766 elementor-widget elementor-widget-text-editor\" data-id=\"b263766\" data-element_type=\"widget\" data-e-type=\"widget\" data-widget_type=\"text-editor.default\">\n\t\t\t\t<div class=\"elementor-widget-container\">\n\t\t\t\t\t\t\t\t\t<p style=\"text-align: left;\">Foto: Robert Charland<\/p>\t\t\t\t\t\t\t\t<\/div>\n\t\t\t\t<\/div>\n\t\t\t\t<\/div>\n\t\t<div class=\"elementor-element elementor-element-4655d029 e-con-full e-flex elementor-invisible e-con e-child\" data-id=\"4655d029\" data-element_type=\"container\" data-e-type=\"container\" data-settings=\"{&quot;animation&quot;:&quot;fadeInRight&quot;}\">\n\t\t\t\t<div class=\"elementor-element elementor-element-26cc028e elementor-widget elementor-widget-image\" data-id=\"26cc028e\" data-element_type=\"widget\" data-e-type=\"widget\" data-widget_type=\"image.default\">\n\t\t\t\t<div class=\"elementor-widget-container\">\n\t\t\t\t\t\t\t\t\t\t\t\t\t\t\t<img decoding=\"async\" width=\"800\" height=\"600\" src=\"https:\/\/argon83portfolio.com\/marfundingles\/wp-content\/uploads\/2025\/11\/Agustin_FNC_Bridge-20240903_154800-1024x768.jpg\" class=\"attachment-large size-large wp-image-11335\" alt=\"\" srcset=\"https:\/\/argon83portfolio.com\/marfundingles\/wp-content\/uploads\/2025\/11\/Agustin_FNC_Bridge-20240903_154800-1024x768.jpg 1024w, https:\/\/argon83portfolio.com\/marfundingles\/wp-content\/uploads\/2025\/11\/Agustin_FNC_Bridge-20240903_154800-300x225.jpg 300w, https:\/\/argon83portfolio.com\/marfundingles\/wp-content\/uploads\/2025\/11\/Agustin_FNC_Bridge-20240903_154800-768x576.jpg 768w, https:\/\/argon83portfolio.com\/marfundingles\/wp-content\/uploads\/2025\/11\/Agustin_FNC_Bridge-20240903_154800-1536x1152.jpg 1536w, https:\/\/argon83portfolio.com\/marfundingles\/wp-content\/uploads\/2025\/11\/Agustin_FNC_Bridge-20240903_154800-2048x1536.jpg 2048w, https:\/\/argon83portfolio.com\/marfundingles\/wp-content\/uploads\/2025\/11\/Agustin_FNC_Bridge-20240903_154800-16x12.jpg 16w, https:\/\/argon83portfolio.com\/marfundingles\/wp-content\/uploads\/2025\/11\/Agustin_FNC_Bridge-20240903_154800-600x450.jpg 600w\" sizes=\"(max-width: 800px) 100vw, 800px\" \/>\t\t\t\t\t\t\t\t\t\t\t\t\t\t\t<\/div>\n\t\t\t\t<\/div>\n\t\t<div class=\"elementor-element elementor-element-4c367343 e-con-full e-flex e-con e-child\" data-id=\"4c367343\" data-element_type=\"container\" data-e-type=\"container\" data-settings=\"{&quot;background_background&quot;:&quot;classic&quot;}\">\n\t\t\t\t<div class=\"elementor-element elementor-element-1de88104 elementor-widget elementor-widget-elementskit-heading\" data-id=\"1de88104\" data-element_type=\"widget\" data-e-type=\"widget\" data-widget_type=\"elementskit-heading.default\">\n\t\t\t\t<div class=\"elementor-widget-container\">\n\t\t\t\t\t<div class=\"ekit-wid-con\" ><div class=\"ekit-heading elementskit-section-title-wraper text_center   ekit_heading_tablet-   ekit_heading_mobile-text_left\"><h2 class=\"ekit-heading--title elementskit-section-title \">Empoderamiento de Comunidades Pesqueras:<\/h2>\t\t\t\t<div class='ekit-heading__description'>\n\t\t\t\t\t<p><span style=\"font-weight: 400\">Este proyecto apoyar\u00e1 a al menos cinco comunidades a lo largo del Arrecife Mesoamericano, brind\u00e1ndoles herramientas para fortalecer su participaci\u00f3n en la gesti\u00f3n responsable de las poblaciones de peces locales. Invertir en ellas es invertir en la salud del oc\u00e9ano y en la seguridad alimentaria de la regi\u00f3n.<\/span><\/p>\n\t\t\t\t<\/div>\n\t\t\t<\/div><\/div>\t\t\t\t<\/div>\n\t\t\t\t<\/div>\n\t\t\t\t<div class=\"elementor-element elementor-element-4160cd50 elementor-align-center elementor-widget elementor-widget-button\" data-id=\"4160cd50\" data-element_type=\"widget\" data-e-type=\"widget\" data-widget_type=\"button.default\">\n\t\t\t\t<div class=\"elementor-widget-container\">\n\t\t\t\t\t\t\t\t\t<div class=\"elementor-button-wrapper\">\n\t\t\t\t\t<a class=\"elementor-button elementor-button-link elementor-size-sm elementor-animation-grow\" href=\"#\">\n\t\t\t\t\t\t<span class=\"elementor-button-content-wrapper\">\n\t\t\t\t\t\t\t\t\t<span class=\"elementor-button-text\">Conoce m\u00e1s aqu\u00ed<\/span>\n\t\t\t\t\t<\/span>\n\t\t\t\t\t<\/a>\n\t\t\t\t<\/div>\n\t\t\t\t\t\t\t\t<\/div>\n\t\t\t\t<\/div>\n\t\t\t\t<\/div>\n\t\t\t\t<div class=\"elementor-element elementor-element-9089500 elementor-widget elementor-widget-text-editor\" data-id=\"9089500\" data-element_type=\"widget\" data-e-type=\"widget\" data-widget_type=\"text-editor.default\">\n\t\t\t\t<div class=\"elementor-widget-container\">\n\t\t\t\t\t\t\t\t\t<p style=\"text-align: left;\">Foto: Agust\u00edn Wolff<\/p>\t\t\t\t\t\t\t\t<\/div>\n\t\t\t\t<\/div>\n\t\t\t\t<\/div>\n\t\t\t\t<\/div>\n\t\t\t\t\t<\/div>\n\t\t\t\t<\/div>\n\t\t<div class=\"elementor-element elementor-element-4d5a5793 e-flex e-con-boxed e-con e-parent\" data-id=\"4d5a5793\" data-element_type=\"container\" data-e-type=\"container\">\n\t\t\t\t\t<div class=\"e-con-inner\">\n\t\t<div class=\"elementor-element elementor-element-638d7b45 e-con-full e-flex e-con e-child\" data-id=\"638d7b45\" data-element_type=\"container\" data-e-type=\"container\">\n\t\t<div class=\"elementor-element elementor-element-3a9c54b4 e-con-full e-flex e-con e-child\" data-id=\"3a9c54b4\" data-element_type=\"container\" data-e-type=\"container\" data-settings=\"{&quot;background_background&quot;:&quot;classic&quot;}\">\n\t\t\t\t<div class=\"elementor-element elementor-element-3a2fe8d3 elementor-widget elementor-widget-spacer\" data-id=\"3a2fe8d3\" data-element_type=\"widget\" data-e-type=\"widget\" data-widget_type=\"spacer.default\">\n\t\t\t\t<div class=\"elementor-widget-container\">\n\t\t\t\t\t\t\t<div class=\"elementor-spacer\">\n\t\t\t<div class=\"elementor-spacer-inner\"><\/div>\n\t\t<\/div>\n\t\t\t\t\t\t<\/div>\n\t\t\t\t<\/div>\n\t\t\t\t<div class=\"elementor-element elementor-element-f5daff7 elementor-widget elementor-widget-text-editor\" data-id=\"f5daff7\" data-element_type=\"widget\" data-e-type=\"widget\" data-widget_type=\"text-editor.default\">\n\t\t\t\t<div class=\"elementor-widget-container\">\n\t\t\t\t\t\t\t\t\t<p style=\"text-align: left;\">Foto: Elisa Areano<\/p>\t\t\t\t\t\t\t\t<\/div>\n\t\t\t\t<\/div>\n\t\t\t\t<\/div>\n\t\t<div class=\"elementor-element elementor-element-5fc39926 e-con-full e-flex e-con e-child\" data-id=\"5fc39926\" data-element_type=\"container\" data-e-type=\"container\" data-settings=\"{&quot;background_background&quot;:&quot;classic&quot;}\">\n\t\t\t\t<div class=\"elementor-element elementor-element-365ea2b2 elementor-widget elementor-widget-elementskit-heading\" data-id=\"365ea2b2\" data-element_type=\"widget\" data-e-type=\"widget\" data-widget_type=\"elementskit-heading.default\">\n\t\t\t\t<div class=\"elementor-widget-container\">\n\t\t\t\t\t<div class=\"ekit-wid-con\" ><div class=\"ekit-heading elementskit-section-title-wraper text_left   ekit_heading_tablet-text_center   ekit_heading_mobile-\"><h2 class=\"ekit-heading--title elementskit-section-title \">S\u00famate al cambio<\/h2>\t\t\t\t<div class='ekit-heading__description'>\n\t\t\t\t\t<p><span style=\"font-weight: 400\">Si cuentas con una propuesta o proyecto espec\u00edfico que deseas apoyar, por favor <\/span><strong>completa este formulario<\/strong><span style=\"font-weight: 400\"> y nos pondremos en contacto contigo para explorar oportunidades de colaboraci\u00f3n y maximizar el impacto de tu apoyo.<\/span><\/p>\n\t\t\t\t<\/div>\n\t\t\t<\/div><\/div>\t\t\t\t<\/div>\n\t\t\t\t<\/div>\n\t\t\t\t<div class=\"elementor-element elementor-element-62ef002 elementor-button-align-stretch elementor-widget elementor-widget-form\" data-id=\"62ef002\" data-element_type=\"widget\" data-e-type=\"widget\" data-settings=\"{&quot;step_next_label&quot;:&quot;Next&quot;,&quot;step_previous_label&quot;:&quot;Previous&quot;,&quot;button_width&quot;:&quot;66&quot;,&quot;button_width_tablet&quot;:&quot;40&quot;,&quot;step_type&quot;:&quot;number_text&quot;,&quot;step_icon_shape&quot;:&quot;circle&quot;}\" data-widget_type=\"form.default\">\n\t\t\t\t<div class=\"elementor-widget-container\">\n\t\t\t\t\t\t\t<form class=\"elementor-form\" method=\"post\" name=\"New Form\" aria-label=\"New Form\">\n\t\t\t<input type=\"hidden\" name=\"post_id\" value=\"282\"\/>\n\t\t\t<input type=\"hidden\" name=\"form_id\" value=\"62ef002\"\/>\n\t\t\t<input type=\"hidden\" name=\"referer_title\" value=\"Apoya\" \/>\n\n\t\t\t\t\t\t\t<input type=\"hidden\" name=\"queried_id\" value=\"282\"\/>\n\t\t\t\n\t\t\t<div class=\"elementor-form-fields-wrapper elementor-labels-\">\n\t\t\t\t\t\t\t\t<div class=\"elementor-field-type-text elementor-field-group elementor-column elementor-field-group-name elementor-col-100 elementor-field-required\">\n\t\t\t\t\t\t\t\t\t\t\t\t<label for=\"form-field-name\" class=\"elementor-field-label elementor-screen-only\">\n\t\t\t\t\t\t\t\tName\t\t\t\t\t\t\t<\/label>\n\t\t\t\t\t\t\t\t\t\t\t\t\t\t<input size=\"1\" type=\"text\" name=\"form_fields[name]\" id=\"form-field-name\" class=\"elementor-field elementor-size-xs  elementor-field-textual\" placeholder=\"Nombre*\" required=\"required\">\n\t\t\t\t\t\t\t\t\t\t\t<\/div>\n\t\t\t\t\t\t\t\t<div class=\"elementor-field-type-email elementor-field-group elementor-column elementor-field-group-email elementor-col-100 elementor-field-required\">\n\t\t\t\t\t\t\t\t\t\t\t\t<label for=\"form-field-email\" class=\"elementor-field-label elementor-screen-only\">\n\t\t\t\t\t\t\t\tEmail\t\t\t\t\t\t\t<\/label>\n\t\t\t\t\t\t\t\t\t\t\t\t\t\t<input size=\"1\" type=\"email\" name=\"form_fields[email]\" id=\"form-field-email\" class=\"elementor-field elementor-size-xs  elementor-field-textual\" placeholder=\"Correo electr\u00f3nico*\" required=\"required\">\n\t\t\t\t\t\t\t\t\t\t\t<\/div>\n\t\t\t\t\t\t\t\t<div class=\"elementor-field-type-textarea elementor-field-group elementor-column elementor-field-group-message elementor-col-100\">\n\t\t\t\t\t\t\t\t\t\t\t\t<label for=\"form-field-message\" class=\"elementor-field-label elementor-screen-only\">\n\t\t\t\t\t\t\t\tMessage\t\t\t\t\t\t\t<\/label>\n\t\t\t\t\t\t<textarea class=\"elementor-field-textual elementor-field  elementor-size-xs\" name=\"form_fields[message]\" id=\"form-field-message\" rows=\"3\" placeholder=\"Escribe tu mensaje\"><\/textarea>\t\t\t\t<\/div>\n\t\t\t\t\t\t\t\t<div class=\"elementor-field-group elementor-column elementor-field-type-submit elementor-col-66 e-form__buttons elementor-md-40\">\n\t\t\t\t\t<button class=\"elementor-button elementor-size-sm\" type=\"submit\">\n\t\t\t\t\t\t<span class=\"elementor-button-content-wrapper\">\n\t\t\t\t\t\t\t\t\t\t\t\t\t\t\t\t\t\t\t\t\t\t<span class=\"elementor-button-text\">enviar<\/span>\n\t\t\t\t\t\t\t\t\t\t\t\t\t<\/span>\n\t\t\t\t\t<\/button>\n\t\t\t\t<\/div>\n\t\t\t<\/div>\n\t\t<\/form>\n\t\t\t\t\t\t<\/div>\n\t\t\t\t<\/div>\n\t\t\t\t<\/div>\n\t\t\t\t<\/div>\n\t\t\t\t\t<\/div>\n\t\t\t\t<\/div>\n\t\t\t\t<\/div>\n\t\t","protected":false},"excerpt":{"rendered":"<p>Tu apoyo es clave para la conservaci\u00f3n del Arrecife Mesoamericano Foto: Jose Manuel del Busto La conservaci\u00f3n del SAM depende de esfuerzos coordinados y financiamiento estrat\u00e9gico.\u00a0 Tu contribuci\u00f3n permite financiar proyectos de conservaci\u00f3n, monitoreo ecol\u00f3gico y empoderamiento comunitario, asegurando que futuras generaciones sigan benefici\u00e1ndose de este tesoro natural.\u00a0 Donaci\u00f3n Directa PayPal y Tarjeta de Cr\u00e9dito:Apoya [&hellip;]<\/p>\n","protected":false},"author":1,"featured_media":0,"parent":0,"menu_order":0,"comment_status":"closed","ping_status":"closed","template":"","meta":{"footnotes":""},"class_list":["post-282","page","type-page","status-publish","hentry"],"_links":{"self":[{"href":"https:\/\/argon83portfolio.com\/marfundingles\/wp-json\/wp\/v2\/pages\/282","targetHints":{"allow":["GET"]}}],"collection":[{"href":"https:\/\/argon83portfolio.com\/marfundingles\/wp-json\/wp\/v2\/pages"}],"about":[{"href":"https:\/\/argon83portfolio.com\/marfundingles\/wp-json\/wp\/v2\/types\/page"}],"author":[{"embeddable":true,"href":"https:\/\/argon83portfolio.com\/marfundingles\/wp-json\/wp\/v2\/users\/1"}],"replies":[{"embeddable":true,"href":"https:\/\/argon83portfolio.com\/marfundingles\/wp-json\/wp\/v2\/comments?post=282"}],"version-history":[{"count":103,"href":"https:\/\/argon83portfolio.com\/marfundingles\/wp-json\/wp\/v2\/pages\/282\/revisions"}],"predecessor-version":[{"id":21703,"href":"https:\/\/argon83portfolio.com\/marfundingles\/wp-json\/wp\/v2\/pages\/282\/revisions\/21703"}],"wp:attachment":[{"href":"https:\/\/argon83portfolio.com\/marfundingles\/wp-json\/wp\/v2\/media?parent=282"}],"curies":[{"name":"wp","href":"https:\/\/api.w.org\/{rel}","templated":true}]}}